{"articles":[{"classes":["outercol"],"isFavourite":false,"isExternalUrl":{"articleLink":false},"articleListButtonsData":{"buttonsList":[{"label":"Les mer","url":"\/ski\/?Article=112","type":"readmore"}],"mode":"default"},"favouriteType":null,"mnu":null,"section":null,"displayId":true,"docId":112,"identifier":"112Article","docType":"Article","customDate":false,"teaserData":{"teaserText":"Historisk sesong SKI","mode":"default"},"content":{"teaser":"Historisk sesong SKI","intro":"Vi skriver 30.april 2023, og selv om vi v\u00e5knet til hvitt landskap i dag tidlig s\u00e5 vet vi at \u00e5rets skisesong n\u00e5 er over...\r\nAlsv\u00e5g IL har denne sesongen hatt to langrennsl\u00f8pere som har representert klubben nasjonalt, og bare det i seg selv er helt fantastisk. Vegard Br\u00e5then og Johan Lien Nordeng har gjennomf\u00f8rt en sesong som skriver seg rett inn i historieb\u00f8kene, og det er enda mer fantastisk. I tillegg har klubben hatt mange \u00f8kter p\u00e5 ski med allidrettsgruppene i laget, noe som lover godt for videre rekruttering og satsning."},"titles":{"main":"Skisesongen 22\/23","readMoreButton":"Les mer"},"urls":{"readMore":"\/ski\/?Article=112","booking":null},"created":{"date":"30.04.2023","time":"21:05","timestamp":1682881500},"introAllowHtml":false,"hasTicket":false,"extra":null,"hasReadMore":true,"media":{"imageData":{"path":"\/sites\/a\/alsvagil.no\/files\/screenshot__28_.png","width":1920,"height":1080,"aspectRatio":1.7777777777777777},"previewImageUrl":"\/sites\/a\/alsvagil.no\/files\/screenshot__28_.png?cropToFit=100x59&quality=50","imageVariants":[{"path":"\/sites\/a\/alsvagil.no\/files\/screenshot__28_.png?cropToFit=100x59&quality=75","width":100,"height":59,"aspectRatio":1.694915254237288},{"path":"\/sites\/a\/alsvagil.no\/files\/screenshot__28_.png?cropToFit=200x118&quality=75","width":200,"height":118,"aspectRatio":1.694915254237288},{"path":"\/sites\/a\/alsvagil.no\/files\/screenshot__28_.png?cropToFit=400x235&quality=75","width":400,"height":235,"aspectRatio":1.702127659574468},{"path":"\/sites\/a\/alsvagil.no\/files\/screenshot__28_.png?cropToFit=600x353&quality=75","width":600,"height":353,"aspectRatio":1.6997167138810199},{"path":"\/sites\/a\/alsvagil.no\/files\/screenshot__28_.png?cropToFit=800x471&quality=75","width":800,"height":471,"aspectRatio":1.6985138004246285},{"path":"\/sites\/a\/alsvagil.no\/files\/screenshot__28_.png?cropToFit=1000x588&quality=75","width":1000,"height":588,"aspectRatio":1.7006802721088434},{"path":"\/sites\/a\/alsvagil.no\/files\/screenshot__28_.png?cropToFit=1200x706&quality=75","width":1200,"height":706,"aspectRatio":1.6997167138810199}],"image":"\/sites\/a\/alsvagil.no\/files\/screenshot__28_.png","aspect":1.694915254237288,"type":"image","description":null},"additionalData":[]},{"classes":["outercol"],"isFavourite":false,"isExternalUrl":{"articleLink":false},"articleListButtonsData":{"buttonsList":[{"label":"Les mer","url":"\/ski\/?Article=39","type":"readmore"}],"mode":"default"},"favouriteType":null,"mnu":null,"section":null,"displayId":true,"docId":39,"identifier":"39Article","docType":"Article","customDate":false,"teaserData":{"teaserText":"","mode":"default"},"content":{"teaser":"","intro":""},"titles":{"main":"Skigruppa","readMoreButton":"Les mer"},"urls":{"readMore":"\/ski\/?Article=39","booking":null},"created":{"date":"20.05.2020","time":"13:22","timestamp":1589973720},"introAllowHtml":false,"hasTicket":false,"extra":null,"hasReadMore":true,"media":{"imageData":{"path":"\/sites\/a\/alsvagil.no\/files\/sprintgutta.jpg","width":960,"height":1280,"aspectRatio":0.75},"previewImageUrl":"\/sites\/a\/alsvagil.no\/files\/sprintgutta.jpg?cropToFit=100x59&quality=50","imageVariants":[{"path":"\/sites\/a\/alsvagil.no\/files\/sprintgutta.jpg?cropToFit=100x59&quality=75","width":100,"height":59,"aspectRatio":1.694915254237288},{"path":"\/sites\/a\/alsvagil.no\/files\/sprintgutta.jpg?cropToFit=200x118&quality=75","width":200,"height":118,"aspectRatio":1.694915254237288},{"path":"\/sites\/a\/alsvagil.no\/files\/sprintgutta.jpg?cropToFit=400x235&quality=75","width":400,"height":235,"aspectRatio":1.702127659574468},{"path":"\/sites\/a\/alsvagil.no\/files\/sprintgutta.jpg?cropToFit=600x353&quality=75","width":600,"height":353,"aspectRatio":1.6997167138810199},{"path":"\/sites\/a\/alsvagil.no\/files\/sprintgutta.jpg?cropToFit=800x471&quality=75","width":800,"height":471,"aspectRatio":1.6985138004246285},{"path":"\/sites\/a\/alsvagil.no\/files\/sprintgutta.jpg?cropToFit=1000x588&quality=75","width":960,"height":564,"aspectRatio":1.702127659574468},{"path":"\/sites\/a\/alsvagil.no\/files\/sprintgutta.jpg?cropToFit=1200x706&quality=75","width":960,"height":565,"aspectRatio":1.6991150442477876}],"image":"\/sites\/a\/alsvagil.no\/files\/sprintgutta.jpg","aspect":1.694915254237288,"type":"image","description":"Sivert, Johan og Vegard"},"additionalData":[]}],"pages":[1],"currentPage":1,"sections":[]}

Vi skriver 30.april 2023, og selv om vi våknet til hvitt landskap i dag tidlig så vet vi at årets skisesong nå er over...
Alsvåg IL har denne sesongen hatt to langrennsløpere som har representert klubben nasjonalt, og bare det i seg selv er helt fantastisk. Vegard Bråthen og Johan Lien Nordeng har gjennomført en sesong som skriver seg rett inn i historiebøkene, og det er enda mer fantastisk. I tillegg har klubben hatt mange økter på ski med allidrettsgruppene i laget, noe som lover godt for videre rekruttering og satsning.
